{"id":139,"date":"2018-08-31T09:44:35","date_gmt":"2018-08-31T12:44:35","guid":{"rendered":"http:\/\/voandoemdaytona.com.br\/?page_id=139"},"modified":"2018-08-31T09:44:35","modified_gmt":"2018-08-31T12:44:35","slug":"into-the-gate","status":"publish","type":"page","link":"https:\/\/voandoemdaytona.com.br\/index.php\/informacoes\/into-the-gate\/","title":{"rendered":"INTO THE GATE"},"content":{"rendered":"<div id=\"dslc-theme-content\"><div id=\"dslc-theme-content-inner\"><div id=\"dslc-main\">\n<div  class=\"dslc-modules-section  dslc-hide-on-tablet  dslc-hide-on-phone \" style=\"padding-bottom:175px;padding-top:175px;padding-left:12%;padding-right:12%;background-color:#2ecc71;background-image:url(https:\/\/voandoemdaytona.com.br\/wp-content\/uploads\/2018\/08\/Banner-12-Into.png);background-repeat:no-repeat;background-position:center center;background-size:cover;\" data-section-id=\"5cc60739894\">\n<div class=\"dslc-modules-section-wrapper dslc-clearfix\">\n<style type=\"text\/css\" id=\"dslca-modules-area-\"><\/style>\n<div  class=\"dslc-modules-area dslc-col dslc-12-col dslc-last-col dslc-valign- \" data-size=\"12\" data-valign=\"\" data-modules-area-id=\"\" >\n<div id=\"dslc-module-d2ffe8e3889\" class=\"dslc-module-front dslc-module-DSLC_Text_Simple dslc-in-viewport-check dslc-in-viewport-anim-none  dslc-col dslc-12-col dslc-last-col  dslc-module-handle-like-regular \" data-module-id=\"d2ffe8e3889\" data-module=\"DSLC_Text_Simple\" data-dslc-module-size=\"12\" data-dslc-anim=\"none\" data-dslc-anim-delay=\"\" data-dslc-anim-duration=\"650\"  data-dslc-anim-easing=\"ease\" data-dslc-preset=\"none\" >\n<div class=\"dslc-text-module-content\">\n<p>INTO THE GATE<\/p>\n<\/p><\/div>\n<\/p><\/div>\n<p><!-- .dslc-module -->\n\t\t<\/div>\n<\/div>\n<\/div>\n<div  class=\"dslc-modules-section \" style=\"\" data-section-id=\"a6b2b8bd20b\">\n<div class=\"dslc-modules-section-wrapper dslc-clearfix\">\n<style type=\"text\/css\" id=\"dslca-modules-area-\"><\/style>\n<div  class=\"dslc-modules-area dslc-col dslc-12-col dslc-last-col dslc-valign- \" data-size=\"12\" data-valign=\"\" data-modules-area-id=\"\" >\n<div id=\"dslc-module-a9e2a785be7\" class=\"dslc-module-front dslc-module-DSLC_Text_Simple dslc-in-viewport-check dslc-in-viewport-anim-none  dslc-col dslc-12-col dslc-last-col  dslc-module-handle-like-regular \" data-module-id=\"a9e2a785be7\" data-module=\"DSLC_Text_Simple\" data-dslc-module-size=\"12\" data-dslc-anim=\"none\" data-dslc-anim-delay=\"\" data-dslc-anim-duration=\"650\"  data-dslc-anim-easing=\"ease\" data-dslc-preset=\"none\" >\n<div class=\"dslc-text-module-content\">\n<h2 style=\"text-align: center;\"><strong>INTO THE GATE<\/strong><\/h2>\n<\/p><\/div>\n<\/p><\/div>\n<p><!-- .dslc-module --><\/p>\n<div id=\"dslc-module-gjpc45ih92\" class=\"dslc-module-front dslc-module-DSLC_Text_Simple dslc-in-viewport-check dslc-in-viewport-anim-none  dslc-col dslc-3-col  dslc-module-handle-like-regular \" data-module-id=\"gjpc45ih92\" data-module=\"DSLC_Text_Simple\" data-dslc-module-size=\"3\" data-dslc-anim=\"none\" data-dslc-anim-delay=\"\" data-dslc-anim-duration=\"650\"  data-dslc-anim-easing=\"ease\" data-dslc-preset=\"none\" >\n<div class=\"dslc-text-module-content\">\n<h3>INTO THE GATE<\/h3>\n<p><a href=\"http:\/\/www.voandoemdaytona.com.br\/videos\/MOV02153.MPG\" target=\"_blank\" rel=\"noopener\">Fa\u00e7a Download do V\u00eddeo<\/a><br \/>(50.288 kb)<\/p>\n<p>\u00a0<\/p>\n<\/p><\/div>\n<\/p><\/div>\n<p><!-- .dslc-module --><\/p>\n<div id=\"dslc-module-iu532mmcqm8\" class=\"dslc-module-front dslc-module-DSLC_Text_Simple dslc-in-viewport-check dslc-in-viewport-anim-none  dslc-col dslc-3-col  dslc-module-handle-like-regular \" data-module-id=\"iu532mmcqm8\" data-module=\"DSLC_Text_Simple\" data-dslc-module-size=\"3\" data-dslc-anim=\"none\" data-dslc-anim-delay=\"\" data-dslc-anim-duration=\"650\"  data-dslc-anim-easing=\"ease\" data-dslc-preset=\"none\" >\n<div class=\"dslc-text-module-content\">\n<h3>ATIS MIAMI<\/h3>\n<p><a href=\"http:\/\/www.voandoemdaytona.com.br\/videos\/MOV02178.MPG\" target=\"_blank\" rel=\"noopener\">Fa\u00e7a Download do V\u00eddeo<\/a><br \/>(104.279 kb)<\/p>\n<\/p><\/div>\n<\/p><\/div>\n<p><!-- .dslc-module --><\/p>\n<div id=\"dslc-module-4ak73orbr2\" class=\"dslc-module-front dslc-module-DSLC_Text_Simple dslc-in-viewport-check dslc-in-viewport-anim-none  dslc-col dslc-3-col  dslc-module-handle-like-regular \" data-module-id=\"4ak73orbr2\" data-module=\"DSLC_Text_Simple\" data-dslc-module-size=\"3\" data-dslc-anim=\"none\" data-dslc-anim-delay=\"\" data-dslc-anim-duration=\"650\"  data-dslc-anim-easing=\"ease\" data-dslc-preset=\"none\" >\n<div class=\"dslc-text-module-content\">\n<h3>ATIS L<\/h3>\n<p><a href=\"http:\/\/www.voandoemdaytona.com.br\/teste\/videos\/ATIS-KDAB-03022004.wav\" target=\"_blank\" rel=\"noopener\">Fa\u00e7a Download do V\u00eddeo - ATIS-KDAB - 03\/02\/2004<\/a><\/p>\n<p>Daytona Beach International Airport Information \"L\"<\/p>\n<p>0553 Z Observation<\/p>\n<p>Wind 290 at 7<\/p>\n<p>Visibility 1 half<\/p>\n<p>Mist<\/p>\n<p>Ceiling 200 feet Overcast<\/p>\n<p>Temperature 13 \/ Dew Point 12<\/p>\n<p>Altimeter 3010<\/p>\n<p>Remarks to the weather<\/p>\n<p>Surface visibility \u00be of a mile<\/p>\n<p>ILS runway 7L approach in use<\/p>\n<p>Landing and departing runway 7L<\/p>\n<p>All aircraft use frequency 125.8<\/p>\n<p>Notice to Airmen<\/p>\n<p>Hazardous weather. Information for central Florida Air Airbone in Hiwas, Flight Service Station and Flight Watch. Use caution for fans on the customer\u00b4s ramp<\/p>\n<p>Advise you have ATIS \"L\"<\/p>\n<p>\u00a0<\/p>\n<\/p><\/div>\n<\/p><\/div>\n<p><!-- .dslc-module --><\/p>\n<div id=\"dslc-module-4es1i12a4dg\" class=\"dslc-module-front dslc-module-DSLC_Text_Simple dslc-in-viewport-check dslc-in-viewport-anim-none  dslc-col dslc-3-col dslc-last-col  dslc-module-handle-like-regular \" data-module-id=\"4es1i12a4dg\" data-module=\"DSLC_Text_Simple\" data-dslc-module-size=\"3\" data-dslc-anim=\"none\" data-dslc-anim-delay=\"\" data-dslc-anim-duration=\"650\"  data-dslc-anim-easing=\"ease\" data-dslc-preset=\"none\" >\n<div class=\"dslc-text-module-content\">\n<h3>ATIS I<\/h3>\n<p><a href=\"http:\/\/www.voandoemdaytona.com.br\/teste\/videos\/ATIS-KDAB-111604.wav\" target=\"_blank\" rel=\"noopener\">Fa\u00e7a Download do V\u00eddeo - ATIS-KDAB - 11\/16\/2004<\/a><\/p>\n<p>Daytona Beach International Airport Information \"I\"<\/p>\n<p>1753 Z<\/p>\n<p>Weather<\/p>\n<p>Wind 050 and 11<\/p>\n<p>Visibility 10<\/p>\n<p>4600 Scattered<\/p>\n<p>Temperature 24 \/ Dew Point 11<\/p>\n<p>Altimeter 3036<\/p>\n<p>Arrivals expect radar vectors for visual approaches landing and departing runways 7L and 7R<\/p>\n<p>Approaches been contact to parallel and intercept runways<\/p>\n<p>Aircraft assign Runway 7R tower frequency 118.1<\/p>\n<p>Land and hold short operations are in affect<\/p>\n<p>Landing distance runway 7L to hold short on taxiway \"W \" 7500 feet available<\/p>\n<p>Notice to Airmen<\/p>\n<p>No restrictions for southeast ramp core until further notice<\/p>\n<p>Increased activity. Bird activity in the vicinity of Daytona Beach International Airport<\/p>\n<p>Readback all runway hold short instructions and all runway assignments<\/p>\n<p>All departures contact clearance delivery on frequency 119.35 prior to taxi<\/p>\n<p>Advise on initial contact you have information \"I\"<\/p>\n<\/p><\/div>\n<\/p><\/div>\n<p><!-- .dslc-module -->\n\t\t<\/div>\n<\/div>\n<\/div>\n<\/div>\n<\/div><\/div>","protected":false},"excerpt":{"rendered":"<p>INTO THE GATE INTO THE GATE INTO THE GATE Fa\u00e7a Download do V\u00eddeo(50.288 kb) \u00a0 ATIS MIAMI Fa\u00e7a Download do V\u00eddeo(104.279 kb) ATIS L Fa\u00e7a Download do V\u00eddeo - ATIS-KDAB - 03\/02\/2004 Daytona Beach International Airport Information \"L\" 0553 Z Observation Wind 290 at 7 Visibility 1 half Mist Ceiling 200 feet Overcast Temperature 13 [&hellip;]<\/p>\n","protected":false},"author":1,"featured_media":0,"parent":101,"menu_order":0,"comment_status":"closed","ping_status":"closed","template":"","meta":{"footnotes":""},"class_list":["post-139","page","type-page","status-publish","hentry"],"_links":{"self":[{"href":"https:\/\/voandoemdaytona.com.br\/index.php\/wp-json\/wp\/v2\/pages\/139","targetHints":{"allow":["GET"]}}],"collection":[{"href":"https:\/\/voandoemdaytona.com.br\/index.php\/wp-json\/wp\/v2\/pages"}],"about":[{"href":"https:\/\/voandoemdaytona.com.br\/index.php\/wp-json\/wp\/v2\/types\/page"}],"author":[{"embeddable":true,"href":"https:\/\/voandoemdaytona.com.br\/index.php\/wp-json\/wp\/v2\/users\/1"}],"replies":[{"embeddable":true,"href":"https:\/\/voandoemdaytona.com.br\/index.php\/wp-json\/wp\/v2\/comments?post=139"}],"version-history":[{"count":1,"href":"https:\/\/voandoemdaytona.com.br\/index.php\/wp-json\/wp\/v2\/pages\/139\/revisions"}],"predecessor-version":[{"id":140,"href":"https:\/\/voandoemdaytona.com.br\/index.php\/wp-json\/wp\/v2\/pages\/139\/revisions\/140"}],"up":[{"embeddable":true,"href":"https:\/\/voandoemdaytona.com.br\/index.php\/wp-json\/wp\/v2\/pages\/101"}],"wp:attachment":[{"href":"https:\/\/voandoemdaytona.com.br\/index.php\/wp-json\/wp\/v2\/media?parent=139"}],"curies":[{"name":"wp","href":"https:\/\/api.w.org\/{rel}","templated":true}]}}